1722. What are the prime factors of g?
3, 191
Let h be 45/(-12)*(-100)/15. Let t(y) = 51*y - 1. Let n be t(1). Let z = n - h. What are the prime factors of z?
5
Suppose -7490 = -3*w - 4*w. What are the prime factors of w?
2, 5, 107
Let n(i) = -i**3 + 5*i**2 - 5*i - 2. Let v be n(2). Suppose v = 4*f - 20 - 244. What are the prime factors of f?
2, 3, 11
Suppose 0 = 2*x + 8, 4*g - x - 4 = 0. What are the prime factors of 3 + 30 - (-2 - g)?
5, 7
Let i(s) = 2*s**2 - 6*s + 24. Let n be i(4). Let g be (-10)/2 + 0 + -2. Let d = g + n. What are the prime factors of d?
5
Suppose 1 = -2*d - 5*l, 10 = 5*d + l + 1. Let t be d/(-3) - (-154)/33. Suppose x + 45 = t*x. List the prime factors of x.
3, 5
Suppose -c = 2, 55 + 72 = 5*b - c. Let d(m) = 14*m**2 - b*m + 25*m. List the prime factors of d(-1).
2, 7
List the prime factors of (3 + (-33)/15)/(4/3310).
2, 331
Let s be (-3)/12 - 1622/8. Let x = s + 321. List the prime factors of x.
2, 59
Suppose -5*k - 2*v + 83 = -6*v, 3*v = 2*k - 29. Suppose -6*o = 7 - k. List the prime factors of o.
2
Let p = 51 + -35. Suppose -4*a = -0*k - k, 3*k + 4*a - p = 0. What are the prime factors of (-31)/(-2) - 2/k?
3, 5
Let o = -50 + 50. Suppose 5*f - 48 = -4*x, 0*f + f - 5*x + 2 = o. List the prime factors of f.
2
Suppose -4*c = -2*c + 2. Let w = c - -3. Suppose -2*s = w*s - 108. List the prime factors of s.
3
Suppose -444 = 2*v + 5*i - 1297, -i = 1. What are the prime factors of v?
3, 11, 13
Let i(t) be the second derivative of 0*t**3 + 5*t + 0 - 1/6*t**4 - 2*t**2 + 1/5*t**5. List the prime factors of i(2).
2, 5
Let h(k) = 5*k + 1. Let p be h(1). Let v = 20 - p. Let f(j) = j**3 - 14*j**2 + 18. What are the prime factors of f(v)?
2, 3
Let y = -18 - -20. Suppose y*p - 3*p = 0. Suppose -4*u + u + 51 = p. List the prime factors of u.
17
Suppose -x + 201 = -4*k, 11*x + k = 9*x + 402. List the prime factors of x.
3, 67
Suppose 0 = 3*b + 2*l - 5*l - 5787, 4*b = -3*l + 7688. List the prime factors of b.
5, 7, 11
Suppose p = 2*s + 19 - 149, 0 = -4*s + 20. Let d = -52 - p. What are the prime factors of d?
2, 17
Let z(x) = -14*x - 4. Let m be z(-3). Let f = m + -3. What are the prime factors of f?
5, 7
Suppose -5*s - 32 = -13*s. Suppose 3*g - s*c = -g + 732, 2*g - 4*c = 370. What are the prime factors of g?
181
Suppose -3*h - 584 = -4*h - 5*v, -3*h - 2*v + 1817 = 0. List the prime factors of h.
3, 7, 29
Suppose -o - o - x - 4 = 0, 3*x - 12 = 0. Suppose 0*t + 2*t + 40 = 0. Let k = o - t. List the prime factors of k.
2
Let u = 178 + -76. List the prime factors of u.
2, 3, 17
Let n(z) be the first derivative of 101*z**2/2 + 3*z - 8. Let x be n(2). Suppose -8*d = -3*d - x. What are the prime factors of d?
41
Let g be (36/(-8) + 3)*-2 - 92. Let m = -55 - g. What are the prime factors of m?
2, 17
Suppose 9*m - 13*m = q - 11730, 8798 = 3*m + q. What are the prime factors of m?
2, 733
Let f be 4/14 - 800/56. Let z = f - -16. What are the prime factors of (2 - 0) + 1 + z?
5
Let v = -8 - -13. Suppose -16 = -v*s + 29. List the prime factors of s.
3
Let s(p) = 148*p - 207. What are the prime factors of s(10)?
19, 67
Let z = 167 - -119. List the prime factors of z.
2, 11, 13
Let b(a) = 3 - 3 - 2*a - 4*a**2 - 5 + 17*a**2 + a**3. Let k be b(-13). Let o = -9 + k. What are the prime factors of o?
2, 3
Let c(d) = d**2 - 22*d + 5. Let l be c(22). Suppose 400 = l*s - 0*s. What are the prime factors of s?
2, 5
Let b = -33 - -66. Let z = -12 + b. List the prime factors of z.
3, 7
Suppose 5*i = -4*h + 8889, 17*i - 2220 = -h + 15*i. What are the prime factors of h?
2, 3, 7, 53
List the prime factors of 7*-21155*4/(-140).
4231
Let d = 390 - 40. Suppose -3*j + d = -262. What are the prime factors of j?
2, 3, 17
Let c = 909 - 377. List the prime factors of c.
2, 7, 19
Let n(t) = -14*t**2 - 16*t - 3. Let a(r) = -15*r**2 - 17*r - 4. Let k(v) = 2*a(v) - 3*n(v). List the prime factors of k(-4).
137
Let h(p) = 2*p - 42 + 3*p - 6*p. Let l be h(0). Let b = -20 - l. List the prime factors of b.
2, 11
Let t(l) = 29*l**3 - 8*l**2 + 21*l - 49. List the prime factors of t(5).
59
Let a(l) = l**2 - 7*l. Let n be a(7). Suppose -2*h + 4 + 0 = n. Suppose -17 = d - 4*u - 53, -3*d + h*u = -88. List the prime factors of d.
2, 7
Suppose 179 = 3*v - 4*y, -27*v - 202 = -31*v - 2*y. What are the prime factors of v?
53
Let u be (-5)/30 + 82/(-12). Let h = u - 11. What are the prime factors of 10/(-45) - 742/h?
41
Let x(n) = n**2 + 4*n + 2. Suppose 0 = -b + 4*y - 4, 5*b + 4*y + 0*y = 28. List the prime factors of x(b).
2, 17
Suppose -11*t = -4*f - 6*t + 8009, 4*t = -4*f + 7964. What are the prime factors of f?
2, 499
Let v be (-6 + 2)*(-1 + 4). Let r = v + 19. List the prime factors of r.
7
Suppose 2*i = -0*i + 3*k + 6, -3*i + 3*k + 9 = 0. List the prime factors of i.
3
Let x(i) = 3 - 6*i + 22*i**2 - 15*i**2 - 1 + 3. What are the prime factors of x(5)?
2, 3, 5
Let d be 4 + 3/(6/(-2)). Suppose -t - 5*q = -17 + 3, -2*q = d*t - 29. What are the prime factors of t?
3
Let w = -445 - -747. Let m = -90 + w. What are the prime factors of m?
2, 53
Let l(i) = -7*i - 1. Suppose -y - k - 2 - 2 = 0, -4*k = -5*y - 65. List the prime factors of l(y).
2, 31
Suppose 38 = 3*h - h. List the prime factors of -4 + (h - -4) + -3.
2
Let p(i) = -i**2 + 7*i. Let o be p(6). Let u(x) = -4*x + 17. Let l(w) = -8*w + 35. Let q(d) = o*l(d) - 13*u(d). List the prime factors of q(10).
29
Suppose 5*m = 4*g - 28, 0 = -0*g + 5*g + 4*m + 6. Let s be (10/6)/(g/6). Suppose 0 = -2*r - 2*a + 4*a + 82, s*a - 123 = -3*r. List the prime factors of r.
41
Let y = -20 + 50. Let n = -16 + y. Let x = 40 - n. What are the prime factors of x?
2, 13
Let f = -206 - -402. Let c = 281 - f. List the prime factors of c.
5, 17
Suppose u = 4*q - 30, -3*u = -2*q - u + 12. Suppose 0 - q = -2*c. Suppose -c*o = -5*r + 221 - 28, o - 3 = 0. List the prime factors of r.
41
List the prime factors of (-9035)/(-7) - 88/(-308).
1291
Suppose -2*f = 22*f - 21576. List the prime factors of f.
29, 31
Let x = 18 - 58. Suppose -5*r = 20 + 70. Let n = r - x. List the prime factors of n.
2, 11
What are the prime factors of 1/((-96276)/10698 - -9)?
1783
Let z(f) = -2*f**3 + 62*f**2 + 3*f + 67. List the prime factors of z(29).
2, 1759
Let p(t) be the second derivative of -t**3/3 + t. Suppose 18 = -7*a + a. What are the prime factors of p(a)?
2, 3
Let x = 1715 - 922. List the prime factors of x.
13, 61
Suppose -2*n - 760 = -5*g, -1140 = -4*n + 7*n + g. Let z = -265 - n. List the prime factors of z.
5, 23
Let k(y) = -37*y + 392. What are the prime factors of k(-21)?
7, 167
Suppose 0 = 2*o + 2*n - 36, o - 2*n - 16 + 7 = 0. Suppose 4*y - 18 = -s, 2*s + s - y - o = 0. What are the prime factors of s?
2, 3
Let q = -3 - -5. Let x = 225 - 153. Suppose 72 = 2*g + 5*t, -4*g - 4*t + x = -q*g. List the prime factors of g.
2, 3
Suppose 114 = -2*t - 4*l, -4*t = -2*l - 2*l + 192. Let g = t + 169. What are the prime factors of g?
2, 59
Let s(o) = o - 1. Let y be s(16). What are the prime factors of (y/10 - 0) + 482/4?
2, 61
Let s(t) = 11*t**2 - 6 + 14*t**2 - 29*t**2 + 6*t**2 - 8*t. What are the prime factors of s(7)?
2, 3
Let q = -6847 - -9978. List the prime factors of q.
31, 101
Let p be 1 - 0 - 3*(-5 + 4). List the prime factors of p/4*-2 + 3 - -64.
5, 13
Let w = -68 - -64. List the prime factors of 134/(-4)*(w - -2).
67
Let n be -1*((-1)/(-4))/((-15)/(-60)). List the prime factors of (84 - n) + (1 - (1 - 0)).
5, 17
Suppose 5*g + 20 = 0, 6*g - 3*g = 2*u - 128. Let w = 3 - u. What are the prime factors of ((-352)/w)/((-2)/(-10))?
2
What are the prime factors of -268*(44/(-6))/(44/33)?
2, 11, 67
Let u = 1016 - 371. What are the prime factors of u?
3, 5, 43
List the prime factors of (-3 + 340)*((-28)/(-7) + 0).
2, 337
Let v be -2 + (2 - 0) - -1. Suppose -b = -v - 1. Suppose -2*l + r = b*r - 55, 0 = -2*r + 10. What are the prime factors of l?
5
Let n(m) = -m - 3. Let t be n(-3). Suppose -2*s + t*o + 3*o + 19 = 0, 3*s - 24 = 3*o. Suppose -38 = -w - s. List the prime factors of w.
3, 11
Suppose -24 = 4*n - 3*h, -5*h + 7 = -n - 16. Let p be (n - (-2 - -3))*-1. Suppose 4*t - p = 12, 5*a = -3*t + 187. What are the prime factors of a?
5, 7
Let z(k) = -20*k**2 - 10*k - 32. Let i(w) = -7*w**2 - 3*w - 11. Let q(o) = -o. Let y be q(4). Let s(d) = y*z(d) + 11*i(d). What are the prime facto